13636322?
3
What is the thousands digit of 53129172?
9
What is the thousands digit of 251977701?
7
What is the tens digit of 49366284?
8
What is the thousands digit of 1310151985?
1
What is the hundred thousands digit of 15432741?
4
What is the billions digit of 3474527567?
3
What is the hundred millions digit of 435014926?
4
What is the thousands digit of 177455933?
5
What is the millions digit of 6007863921?
7
What is the hundreds digit of 657613339?
3
What is the hundreds digit of 222044004?
0
What is the ten thousands digit of 11677185?
7
What is the ten millions digit of 31280805?
3
What is the hundreds digit of 7628128798?
7
What is the hundreds digit of 205773551?
5
What is the ten thousands digit of 4491522711?
2
What is the millions digit of 288049817?
8
What is the millions digit of 686215834?
6
What is the tens digit of 1288310506?
0
What is the ten thousands digit of 16214582?
1
What is the units digit of 1079508929?
9
What is the hundreds digit of 39974675?
6
What is the millions digit of 72651652?
2
What is the tens digit of 788956119?
1
What is the units digit of 1600433134?
4
What is the units digit of 373526091?
1
What is the billions digit of 2034921841?
2
What is the ten thousands digit of 2864497332?
9
What is the billions digit of 1519852371?
1
What is the thousands digit of 126649441?
9
What is the hundred thousands digit of 12813038?
8
What is the hundred millions digit of 114867133?
1
What is the millions digit of 27349638?
7
What is the ten thousands digit of 7089637621?
3
What is the tens digit of 45713556?
5
What is the ten millions digit of 1701234008?
0
What is the thousands digit of 30237815?
7
What is the millions digit of 4427723714?
7
What is the hundreds digit of 429751609?
6
What is the ten thousands digit of 142298441?
9
What is the hundreds digit of 6378600325?
3
What is the millions digit of 438039094?
8
What is the hundred millions digit of 1099812537?
0
What is the units digit of 1530669368?
8
What is the hundreds digit of 11486740?
7
What is the ten millions digit of 1096927999?
9
What is the ten thousands digit of 711049864?
4
What is the millions digit of 128407750?
8
What is the thousands digit of 1822995534?
5
What is the ten thousands digit of 58482820?
8
What is the millions digit of 104268968?
4
What is the tens digit of 77012594?
9
What is the hundred millions digit of 161840051?
1
What is the ten thousands digit of 227341857?
4
What is the ten millions digit of 251002121?
5
What is the units digit of 82237062?
2
What is the tens digit of 181110269?
6
What is the thousands digit of 287463740?
3
What is the units digit of 190016980?
0
What is the hundreds digit of 813546894?
8
What is the ten thousands digit of 252952597?
5
What is the ten thousands digit of 394485575?
8
What is the thousands digit of 4077367?
7
What is the hundred millions digit of 2502951539?
5
What is the millions digit of 143035326?
3
What is the millions digit of 619061020?
9
What is the hundreds digit of 6281129?
1
What is the units digit of 12840575?
5
What is the ten thousands digit of 234185365?
8
What is the hundred thousands digit of 64987720?
9
What is the billions digit of 2678297605?
2
What is the units digit of 276881648?
8
What is the thousands digit of 17743921?
3
What is the ten millions digit of 3692731859?
9
What is the hundred millions digit of 1011254012?
0
What is the millions digit of 121137975?
1
What is the millions digit of 537836081?
7
What is the millions digit of 1084605177?
4
What is the thousands digit of 28295840?
5
What is the units digit of 88776781?
1
What is the millions digit of 35308385?
5
What is the millions digit of 14043303?
4
What is the hundred millions digit of 692899585?
6
What is the hundred thousands digit of 347914543?
9
What is the hundred millions digit of 5504443193?
5
What is the hundred thousands digit of 836353170?
3
What is the ten thousands digit of 342418172?
1
What is the ten millions digit of 3179587184?
7
What is the hundred millions digit of 3204152550?
2
What is the hundreds digit of 2986573758?
7
What is the ten thousands digit of 69013657?
1
What is the ten millions digit of 344005698?
4
What is the ten thousands digit of 4605146322?
4
What is the ten thousands digit of 183767816?
6
What is the thousands digit of 1340794275?
4
What is the millions digit of 1158691196?
8
What is the ten millions digit of 369942859?
6
What is the thousands digit of 772252865?
2
What is the hundreds digit of 767109521?
5
What is the ten millions digit of 69472280?
6
What is the ten thousands digit of 35927738?
2
What is the ten thousands digit of 1861501965?
0
What is the billions digit of 1600757557?
1
What is the billions digit of 7970506135?
7
What is the thousands digit of 151076852?
6
What is the thousands digit of 143804335?
4
What is the thousands digit of 437875552?
5
What is the hundred millions digit of 380791992?
3
What is the units digit of 1494121?
1
What is the thousands digit of 1758092431?
2
What is the hundreds digit of 41385915?
9
What is the ten thousands digit of 154547106?
4
What is the millions digit of 3393696362?
3
What is the millions digit of 36825714?
6
What is the thousands digit of 451861334?
1
What is the hundred millions digit of 4786615167?
7
What is the millions digit of 5070138733?
0
What is the millions digit of 72870468?
2
What is the tens digit of 121190145?
4
What is the hundreds digit of 1247024885?
8
What is the ten thousands digit of 57600484?
0
What is the millions digit of 669355486?
9
What is the tens digit of 208988241?
4
What is the billions digit of 2169381543?
2
What is the units digit of 4964872856?
6
What is the hundreds digit of 12882558?
5
What is the hundred millions digit of 6089563262?
0
What is the tens digit of 45164696?
9
What is the hundreds digit of 22789309?
3
What is the tens digit of 11197162?
6
What is the hundred thousands digit of 6811807442?
8
What is the tens digit of 28411633?
3
What is the hundred thousands digit of 1455485250?
4
What is the ten millions digit of 29224582?
2
What is the hundred thousands digit of 6884572?
8
What is the tens digit of 40532624?
2
What is the units digit of 570857396?
6
What is the tens digit of 462615402?
0
What is the ten thousands digit of 68040264?
4
What is the ten thousands digit of 2290695546?
9
What is the hundred thousands digit of 52721095?
7
What is the ten thousands digit of 43065322?
6
What is the thousands digit of 147357907?
7
What is the hundred millions digit of 255770248?
2
What is the tens digit of 2296741609?
0
What is the hundreds digit of 79316718?
7
What is the tens digit of 438656341?
4
What is the tens digit of 50566169?
6
What is the units digit of 412724249?
9
What is the hundreds digit of 87789159?
1
What is the ten thousands digit of 62192052?
9
What is the tens digit of 3680846603?
0
What is the hundred thousands digit of 610952801?
9
What is the ten millions digit of 2503368874?
0
What is the hundreds digit of 1891324079?
0
What is the billions digit of 2463995764?
2
What is the ten thousands digit of 2417308254?
0
What is the tens digit of 148409460?
6
What is the hundred thousands digit of 899771864?
7
What is the hundreds digit of 58910370?
3
What is the millions digit of 44543793?
4
What is the ten thousands digit of 43151098?
5
What is the thousands digit of 19883851?
3
What is the hundred millions digit of 5154221065?
1
What is the millions digit of 2632719375?
2
What is the ten millions digit of 49903030?
4
What is the units digit of 677679282?
2
What is the thousands digit of 476685954?
5
What is the hundred millions digit of 359386693?
3
What is the units digit of 332146417?
7
What is the ten millions digit of 3429560524?
2
What is the millions digit of 1127142572?
7
What is the billions digit of 4317949929?
4
What is the hundreds digit of 6562357703?
7
What is the millions digit of 58570420?
8
What is the millions digit of 3934221803?
4
What is the ten millions digit of 966377701?
6
What is the ten millions digit of 341519178?
4
What is the ten thousands digit of 2055647564?
4
What is the ten thousands digit of 92498675?
9
What is the tens digit of 15565471?
7
What is the hundreds digit of 838008276?
2
What is the billions digit of 36113005